{"id":170,"date":"2022-01-17T14:13:41","date_gmt":"2022-01-17T17:13:41","guid":{"rendered":"https:\/\/cbhbaixoparanaiba.meioambiente.go.gov.br\/?page_id=170"},"modified":"2025-12-10T17:11:48","modified_gmt":"2025-12-10T20:11:48","slug":"diretoria","status":"publish","type":"page","link":"https:\/\/cbhbaixoparanaiba.meioambiente.go.gov.br\/?page_id=170","title":{"rendered":"Diretoria"},"content":{"rendered":"\t\t<div data-elementor-type=\"wp-page\" data-elementor-id=\"170\" class=\"elementor elementor-170\" data-elementor-post-type=\"page\">\n\t\t\t\t<div class=\"elementor-element elementor-element-c8b3103 e-grid e-con-boxed e-con e-parent\" data-id=\"c8b3103\" data-element_type=\"container\" data-e-type=\"container\">\n\t\t\t\t\t<div class=\"e-con-inner\">\n\t\t\t\t<div class=\"elementor-element elementor-element-868565b elementor-position-top elementor-widget elementor-widget-image-box\" data-id=\"868565b\" data-element_type=\"widget\" data-e-type=\"widget\" data-widget_type=\"image-box.default\">\n\t\t\t\t<div class=\"elementor-widget-container\">\n\t\t\t\t\t<div class=\"elementor-image-box-wrapper\"><figure class=\"elementor-image-box-img\"><img decoding=\"async\" width=\"177\" height=\"177\" src=\"https:\/\/i0.wp.com\/cbhbaixoparanaiba.meioambiente.go.gov.br\/wp-content\/uploads\/2024\/05\/Artboard2_4.png?fit=177%2C177&amp;ssl=1\" class=\"attachment-large size-large wp-image-973\" alt=\"\" srcset=\"https:\/\/i0.wp.com\/cbhbaixoparanaiba.meioambiente.go.gov.br\/wp-content\/uploads\/2024\/05\/Artboard2_4.png?w=177&amp;ssl=1 177w, https:\/\/i0.wp.com\/cbhbaixoparanaiba.meioambiente.go.gov.br\/wp-content\/uploads\/2024\/05\/Artboard2_4.png?resize=150%2C150&amp;ssl=1 150w\" sizes=\"(max-width: 177px) 100vw, 177px\" \/><\/figure><div class=\"elementor-image-box-content\"><h3 class=\"elementor-image-box-title\">Jos\u00e9 Lucas Rabelo Mendon\u00e7a<\/h3><p class=\"elementor-image-box-description\">Prefeitura Municipal de Quirin\u00f3polis<br><strong>Presidente&lt;\/strong<\/p><\/div><\/div>\t\t\t\t<\/div>\n\t\t\t\t<\/div>\n\t\t\t\t<div class=\"elementor-element elementor-element-e0004be elementor-position-top elementor-widget elementor-widget-image-box\" data-id=\"e0004be\" data-element_type=\"widget\" data-e-type=\"widget\" data-widget_type=\"image-box.default\">\n\t\t\t\t<div class=\"elementor-widget-container\">\n\t\t\t\t\t<div class=\"elementor-image-box-wrapper\"><figure class=\"elementor-image-box-img\"><img decoding=\"async\" src=\"https:\/\/i0.wp.com\/cbhbaixoparanaiba.meioambiente.go.gov.br\/wp-content\/uploads\/2025\/02\/nelio.png?fit=177%2C177&#038;ssl=1\" title=\"nelio\" alt=\"nelio\" loading=\"lazy\" \/><\/figure><div class=\"elementor-image-box-content\"><h3 class=\"elementor-image-box-title\">N\u00e9lio Castro Lima<\/h3><p class=\"elementor-image-box-description\">Servi\u00e7o Nacional de Aprendizagem Rural \u2013 SENAR GOIAS <br><strong>Vice-Presidente&lt;\/strong<\/p><\/div><\/div>\t\t\t\t<\/div>\n\t\t\t\t<\/div>\n\t\t\t\t\t<\/div>\n\t\t\t\t<\/div>\n\t\t<div class=\"elementor-element elementor-element-ba0f183 e-grid e-con-boxed e-con e-parent\" data-id=\"ba0f183\" data-element_type=\"container\" data-e-type=\"container\">\n\t\t\t\t\t<div class=\"e-con-inner\">\n\t\t\t\t<div class=\"elementor-element elementor-element-3030b7e elementor-position-top elementor-widget elementor-widget-image-box\" data-id=\"3030b7e\" data-element_type=\"widget\" data-e-type=\"widget\" data-widget_type=\"image-box.default\">\n\t\t\t\t<div class=\"elementor-widget-container\">\n\t\t\t\t\t<div class=\"elementor-image-box-wrapper\"><figure class=\"elementor-image-box-img\"><img decoding=\"async\" width=\"177\" height=\"177\" src=\"https:\/\/i0.wp.com\/cbhbaixoparanaiba.meioambiente.go.gov.br\/wp-content\/uploads\/2025\/12\/Maria-Aparecida-de-Souza-Araujo-2.png?fit=177%2C177&amp;ssl=1\" class=\"attachment-large size-large wp-image-1112\" alt=\"\" srcset=\"https:\/\/i0.wp.com\/cbhbaixoparanaiba.meioambiente.go.gov.br\/wp-content\/uploads\/2025\/12\/Maria-Aparecida-de-Souza-Araujo-2.png?w=177&amp;ssl=1 177w, https:\/\/i0.wp.com\/cbhbaixoparanaiba.meioambiente.go.gov.br\/wp-content\/uploads\/2025\/12\/Maria-Aparecida-de-Souza-Araujo-2.png?resize=150%2C150&amp;ssl=1 150w\" sizes=\"(max-width: 177px) 100vw, 177px\" \/><\/figure><div class=\"elementor-image-box-content\"><h3 class=\"elementor-image-box-title\">Maria Aparecida de Souza Ara\u00fajo<\/h3><p class=\"elementor-image-box-description\">Secretaria de Estado de Meio Ambiente e Desenvolvimento Sustent\u00e1vel - SEMAD<br><strong>1\u00ba Secret\u00e1rio Executivo&lt;\/strong<\/p><\/div><\/div>\t\t\t\t<\/div>\n\t\t\t\t<\/div>\n\t\t\t\t<div class=\"elementor-element elementor-element-6ec5512 elementor-position-top elementor-widget elementor-widget-image-box\" data-id=\"6ec5512\" data-element_type=\"widget\" data-e-type=\"widget\" data-widget_type=\"image-box.default\">\n\t\t\t\t<div class=\"elementor-widget-container\">\n\t\t\t\t\t<div class=\"elementor-image-box-wrapper\"><figure class=\"elementor-image-box-img\"><img decoding=\"async\" width=\"177\" height=\"177\" src=\"https:\/\/i0.wp.com\/cbhbaixoparanaiba.meioambiente.go.gov.br\/wp-content\/uploads\/2024\/05\/Artboard2.png?fit=177%2C177&amp;ssl=1\" class=\"attachment-large size-large wp-image-984\" alt=\"\" srcset=\"https:\/\/i0.wp.com\/cbhbaixoparanaiba.meioambiente.go.gov.br\/wp-content\/uploads\/2024\/05\/Artboard2.png?w=177&amp;ssl=1 177w, https:\/\/i0.wp.com\/cbhbaixoparanaiba.meioambiente.go.gov.br\/wp-content\/uploads\/2024\/05\/Artboard2.png?resize=150%2C150&amp;ssl=1 150w\" sizes=\"(max-width: 177px) 100vw, 177px\" \/><\/figure><div class=\"elementor-image-box-content\"><h3 class=\"elementor-image-box-title\">Rafael Rodrigues de Paiva<\/h3><p class=\"elementor-image-box-description\">Saneamento de Goi\u00e1s\u00a0S.A\u00a0\u2013\u00a0SANEAGO<br><strong>2\u00ba Secret\u00e1rio Executivo&lt;\/strong<\/p><\/div><\/div>\t\t\t\t<\/div>\n\t\t\t\t<\/div>\n\t\t\t\t\t<\/div>\n\t\t\t\t<\/div>\n\t\t\t\t<\/div>\n\t\t","protected":false},"excerpt":{"rendered":"<p>Jos\u00e9 Lucas Rabelo Mendon\u00e7a Prefeitura Municipal de Quirin\u00f3polisPresidente<\/p>\n","protected":false},"author":2,"featured_media":0,"parent":0,"menu_order":0,"comment_status":"closed","ping_status":"closed","template":"general-template.php","meta":{"footnotes":""},"class_list":["post-170","page","type-page","status-publish","hentry"],"featured_image_src":null,"featured_image_src_square":null,"jetpack_sharing_enabled":true,"_links":{"self":[{"href":"https:\/\/cbhbaixoparanaiba.meioambiente.go.gov.br\/index.php?rest_route=\/wp\/v2\/pages\/170","targetHints":{"allow":["GET"]}}],"collection":[{"href":"https:\/\/cbhbaixoparanaiba.meioambiente.go.gov.br\/index.php?rest_route=\/wp\/v2\/pages"}],"about":[{"href":"https:\/\/cbhbaixoparanaiba.meioambiente.go.gov.br\/index.php?rest_route=\/wp\/v2\/types\/page"}],"author":[{"embeddable":true,"href":"https:\/\/cbhbaixoparanaiba.meioambiente.go.gov.br\/index.php?rest_route=\/wp\/v2\/users\/2"}],"replies":[{"embeddable":true,"href":"https:\/\/cbhbaixoparanaiba.meioambiente.go.gov.br\/index.php?rest_route=%2Fwp%2Fv2%2Fcomments&post=170"}],"version-history":[{"count":28,"href":"https:\/\/cbhbaixoparanaiba.meioambiente.go.gov.br\/index.php?rest_route=\/wp\/v2\/pages\/170\/revisions"}],"predecessor-version":[{"id":1115,"href":"https:\/\/cbhbaixoparanaiba.meioambiente.go.gov.br\/index.php?rest_route=\/wp\/v2\/pages\/170\/revisions\/1115"}],"wp:attachment":[{"href":"https:\/\/cbhbaixoparanaiba.meioambiente.go.gov.br\/index.php?rest_route=%2Fwp%2Fv2%2Fmedia&parent=170"}],"curies":[{"name":"wp","href":"https:\/\/api.w.org\/{rel}","templated":true}]}}

<div data-elementor-type="wp-page" data-elementor-id="170" class="elementor elementor-170" data-elementor-post-type="page">
				<div class="elementor-element elementor-element-c8b3103 e-grid e-con-boxed e-con e-parent" data-id="c8b3103" data-element_type="container" data-e-type="container">
					<div class="e-con-inner">
				<div class="elementor-element elementor-element-868565b elementor-position-top elementor-widget elementor-widget-image-box" data-id="868565b" data-element_type="widget" data-e-type="widget" data-widget_type="image-box.default">
				<div class="elementor-widget-container">
					<div class="elementor-image-box-wrapper"><figure class="elementor-image-box-img"><img decoding="async" width="177" height="177" src="https://i0.wp.com/cbhbaixoparanaiba.meioambiente.go.gov.br/wp-content/uploads/2024/05/Artboard2_4.png?fit=177%2C177&amp;ssl=1" class="attachment-large size-large wp-image-973" alt="" srcset="https://i0.wp.com/cbhbaixoparanaiba.meioambiente.go.gov.br/wp-content/uploads/2024/05/Artboard2_4.png?w=177&amp;ssl=1 177w, https://i0.wp.com/cbhbaixoparanaiba.meioambiente.go.gov.br/wp-content/uploads/2024/05/Artboard2_4.png?resize=150%2C150&amp;ssl=1 150w" sizes="(max-width: 177px) 100vw, 177px" /></figure><div class="elementor-image-box-content"><h3 class="elementor-image-box-title">José Lucas Rabelo Mendonça</h3><p class="elementor-image-box-description">Prefeitura Municipal de Quirinópolis<br><strong>Presidente&lt;/strong</p></div></div>				</div>
				</div>
				<div class="elementor-element elementor-element-e0004be elementor-position-top elementor-widget elementor-widget-image-box" data-id="e0004be" data-element_type="widget" data-e-type="widget" data-widget_type="image-box.default">
				<div class="elementor-widget-container">
					<div class="elementor-image-box-wrapper"><figure class="elementor-image-box-img"><img decoding="async" src="https://i0.wp.com/cbhbaixoparanaiba.meioambiente.go.gov.br/wp-content/uploads/2025/02/nelio.png?fit=177%2C177&#038;ssl=1" title="nelio" alt="nelio" loading="lazy" /></figure><div class="elementor-image-box-content"><h3 class="elementor-image-box-title">Nélio Castro Lima</h3><p class="elementor-image-box-description">Serviço Nacional de Aprendizagem Rural – SENAR GOIAS <br><strong>Vice-Presidente&lt;/strong</p></div></div>				</div>
				</div>
					</div>
				</div>
		<div class="elementor-element elementor-element-ba0f183 e-grid e-con-boxed e-con e-parent" data-id="ba0f183" data-element_type="container" data-e-type="container">
					<div class="e-con-inner">
				<div class="elementor-element elementor-element-3030b7e elementor-position-top elementor-widget elementor-widget-image-box" data-id="3030b7e" data-element_type="widget" data-e-type="widget" data-widget_type="image-box.default">
				<div class="elementor-widget-container">
					<div class="elementor-image-box-wrapper"><figure class="elementor-image-box-img"><img decoding="async" width="177" height="177" src="https://i0.wp.com/cbhbaixoparanaiba.meioambiente.go.gov.br/wp-content/uploads/2025/12/Maria-Aparecida-de-Souza-Araujo-2.png?fit=177%2C177&amp;ssl=1" class="attachment-large size-large wp-image-1112" alt="" srcset="https://i0.wp.com/cbhbaixoparanaiba.meioambiente.go.gov.br/wp-content/uploads/2025/12/Maria-Aparecida-de-Souza-Araujo-2.png?w=177&amp;ssl=1 177w, https://i0.wp.com/cbhbaixoparanaiba.meioambiente.go.gov.br/wp-content/uploads/2025/12/Maria-Aparecida-de-Souza-Araujo-2.png?resize=150%2C150&amp;ssl=1 150w" sizes="(max-width: 177px) 100vw, 177px" /></figure><div class="elementor-image-box-content"><h3 class="elementor-image-box-title">Maria Aparecida de Souza Araújo</h3><p class="elementor-image-box-description">Secretaria de Estado de Meio Ambiente e Desenvolvimento Sustentável - SEMAD<br><strong>1º Secretário Executivo&lt;/strong</p></div></div>				</div>
				</div>
				<div class="elementor-element elementor-element-6ec5512 elementor-position-top elementor-widget elementor-widget-image-box" data-id="6ec5512" data-element_type="widget" data-e-type="widget" data-widget_type="image-box.default">
				<div class="elementor-widget-container">
					<div class="elementor-image-box-wrapper"><figure class="elementor-image-box-img"><img decoding="async" width="177" height="177" src="https://i0.wp.com/cbhbaixoparanaiba.meioambiente.go.gov.br/wp-content/uploads/2024/05/Artboard2.png?fit=177%2C177&amp;ssl=1" class="attachment-large size-large wp-image-984" alt="" srcset="https://i0.wp.com/cbhbaixoparanaiba.meioambiente.go.gov.br/wp-content/uploads/2024/05/Artboard2.png?w=177&amp;ssl=1 177w, https://i0.wp.com/cbhbaixoparanaiba.meioambiente.go.gov.br/wp-content/uploads/2024/05/Artboard2.png?resize=150%2C150&amp;ssl=1 150w" sizes="(max-width: 177px) 100vw, 177px" /></figure><div class="elementor-image-box-content"><h3 class="elementor-image-box-title">Rafael Rodrigues de Paiva</h3><p class="elementor-image-box-description">Saneamento de Goiás S.A – SANEAGO<br><strong>2º Secretário Executivo&lt;/strong</p></div></div>				</div>
				</div>
					</div>
				</div>
				</div>

<p>José Lucas Rabelo Mendonça Prefeitura Municipal de QuirinópolisPresidente</p>
