{"id":16,"date":"2021-09-08T11:12:59","date_gmt":"2021-09-08T14:12:59","guid":{"rendered":"https:\/\/cbhbaixoparanaiba.meioambiente.go.gov.br\/?page_id=16"},"modified":"2025-10-17T10:09:32","modified_gmt":"2025-10-17T13:09:32","slug":"regimentos","status":"publish","type":"page","link":"https:\/\/cbhbaixoparanaiba.meioambiente.go.gov.br\/?page_id=16","title":{"rendered":"Regimento"},"content":{"rendered":"\n<p>A delibera\u00e7\u00e3o n\u00ba 01 de 25 de Fevereiro de 2013 aprovou o novo Regimento Interno do Comit\u00ea de Bacia Hidrogr\u00e1fica dos afluentes goianos do Baixo Parana\u00edba. Com isso, o regimento interno entrou em vigor j\u00e1 na data de aprova\u00e7\u00e3o. Confira abaixo o arquivo do novo Regimento Interno do CBH Baixo Parana\u00edba.<\/p>\n\n\n\n<p><a rel=\"noreferrer noopener\" href=\"https:\/\/cbhbaixoparanaiba.meioambiente.go.gov.br\/wp-content\/uploads\/2022\/03\/Deliberacao-001-Regimento-Interno.pdf\" data-type=\"URL\" data-id=\"https:\/\/cbhbaixoparanaiba.meioambiente.go.gov.br\/wp-content\/uploads\/2022\/03\/Deliberacao-001-Regimento-Interno.pdf\" target=\"_blank\">Delibera\u00e7\u00e3o 001 &#8211; Regimento Interno<\/a><\/p>\n\n\n\n<p><a href=\"https:\/\/cbhbaixoparanaiba.meioambiente.go.gov.br\/wp-content\/uploads\/2025\/10\/ALTERACAO-DO-REGIMENTO-INTERNO-DO-BAIXO-PARANAIBA.pdf\" data-type=\"link\" data-id=\"https:\/\/cbhbaixoparanaiba.meioambiente.go.gov.br\/wp-content\/uploads\/2025\/10\/ALTERACAO-DO-REGIMENTO-INTERNO-DO-BAIXO-PARANAIBA.pdf\">1\u00aa Altera\u00e7\u00e3o &#8211; Regimento Interno<\/a><\/p>\n\n\n\n<p><a href=\"https:\/\/cbhbaixoparanaiba.meioambiente.go.gov.br\/wp-content\/uploads\/2022\/03\/DELIBERACAO-010-ALTERAL-Art-20-NUMERO-DE-REUNIOES.pdf\" data-type=\"URL\" data-id=\"https:\/\/cbhbaixoparanaiba.meioambiente.go.gov.br\/wp-content\/uploads\/2022\/03\/DELIBERACAO-010-ALTERAL-Art-20-NUMERO-DE-REUNIOES.pdf\" target=\"_blank\" rel=\"noreferrer noopener\">Delibera\u00e7\u00e3o 010 &#8211; Altera Art 20 n\u00famero de reuni\u00f5es<\/a><\/p>\n","protected":false},"excerpt":{"rendered":"<p>A delibera\u00e7\u00e3o n\u00ba 01 de 25 de Fevereiro de 2013 aprovou o novo Regimento Interno do Comit\u00ea de Bacia Hidrogr\u00e1fica dos afluentes goianos do Baixo Parana\u00edba. Com isso, o regimento interno entrou em vigor j\u00e1 na data de aprova\u00e7\u00e3o. Confira abaixo o arquivo do novo Regimento Interno do CBH Baixo Parana\u00edba. Delibera\u00e7\u00e3o 001 &#8211; Regimento [&hellip;]<\/p>\n","protected":false},"author":2,"featured_media":0,"parent":0,"menu_order":0,"comment_status":"closed","ping_status":"closed","template":"general-template.php","meta":{"footnotes":""},"class_list":["post-16","page","type-page","status-publish","hentry"],"featured_image_src":null,"featured_image_src_square":null,"jetpack_sharing_enabled":true,"_links":{"self":[{"href":"https:\/\/cbhbaixoparanaiba.meioambiente.go.gov.br\/index.php?rest_route=\/wp\/v2\/pages\/16","targetHints":{"allow":["GET"]}}],"collection":[{"href":"https:\/\/cbhbaixoparanaiba.meioambiente.go.gov.br\/index.php?rest_route=\/wp\/v2\/pages"}],"about":[{"href":"https:\/\/cbhbaixoparanaiba.meioambiente.go.gov.br\/index.php?rest_route=\/wp\/v2\/types\/page"}],"author":[{"embeddable":true,"href":"https:\/\/cbhbaixoparanaiba.meioambiente.go.gov.br\/index.php?rest_route=\/wp\/v2\/users\/2"}],"replies":[{"embeddable":true,"href":"https:\/\/cbhbaixoparanaiba.meioambiente.go.gov.br\/index.php?rest_route=%2Fwp%2Fv2%2Fcomments&post=16"}],"version-history":[{"count":7,"href":"https:\/\/cbhbaixoparanaiba.meioambiente.go.gov.br\/index.php?rest_route=\/wp\/v2\/pages\/16\/revisions"}],"predecessor-version":[{"id":1103,"href":"https:\/\/cbhbaixoparanaiba.meioambiente.go.gov.br\/index.php?rest_route=\/wp\/v2\/pages\/16\/revisions\/1103"}],"wp:attachment":[{"href":"https:\/\/cbhbaixoparanaiba.meioambiente.go.gov.br\/index.php?rest_route=%2Fwp%2Fv2%2Fmedia&parent=16"}],"curies":[{"name":"wp","href":"https:\/\/api.w.org\/{rel}","templated":true}]}}